1 + -85. Let k be (0 - 6/(-9)) + i/6. Calculate the highest common divisor of k and z.
5
Let k(b) = 3*b**3 + 57*b**2 - 2*b + 60. Let d be k(-19). What is the highest common divisor of d and 504?
14
Let k be (-1580)/(-2) - (-28 - -36). What is the greatest common divisor of 46 and k?
46
Let i be ((-28)/(-10))/((-8)/10920*-13). Calculate the highest common divisor of 30 and i.
6
Suppose 16*y - 14*y - 24 = 0. Let g be 10/((y/88)/3). What is the greatest common factor of 88 and g?
44
Suppose -2*r - 4*k = 304, -r - 114 - 38 = -3*k. Let q be (-90)/(-4)*32/3. Let j = q + r. What is the greatest common factor of 8 and j?
8
Let k be (-12 - 3)*(-3)/5. Suppose 0 = -x + 4*x - k. Calculate the greatest common factor of 9 and x.
3
Let y be (5/(-10))/(1/(-3))*6. Calculate the highest common factor of y and 1.
1
Let i(c) = c**2 - 35*c + 66. Let f be i(29). Let a = -104 - f. Calculate the highest common factor of 8 and a.
4
Suppose 4*x = -2*h + 60, -x - 16 = -2*h + 24. Suppose 1 = -4*o + 29. Suppose o*b - 6*b = 22. Calculate the highest common divisor of h and b.
22
Let s be (-34)/(-51) + (-58)/(-3). Suppose 2*g = 5*n + 11, -5*n - 2 = g - 0. Suppose g*r - 105 = 375. What is the greatest common factor of s and r?
20
Let k = 6152 - 2316. What is the greatest common divisor of 28 and k?
28
Suppose 0 = 4*x + 3*p - 389, -5*x = -5*p - 80 - 380. Calculate the greatest common divisor of 57 and x.
19
Let a = 40 - 21. Let m(w) = w**3 + 6*w**2 - 8*w + 9. Let q be m(-7). Let c = q - -3. What is the highest common divisor of a and c?
19
Let d = -4 + 3. Let v = -32 + 37. Let h be (d + v)*81/3. What is the greatest common divisor of h and 12?
12
Suppose 0 = -3*q - 3*c + 63, -3*q = c - 2*c - 75. Let i be ((-32)/q)/((-1)/6). Let h be (-39)/(-12) + 6/i. Calculate the greatest common factor of h and 36.
4
Let o = -784 + 844. What is the greatest common factor of 940 and o?
20
Suppose -2*u - 74 = -4*d, 0 = 65*d - 61*d + 2*u - 54. Calculate the highest common factor of d and 1712.
16
Suppose 337*a = 336*a + 18. What is the greatest common factor of a and 2034?
18
Suppose 380 = -8*i + 13*i. Calculate the highest common factor of 57 and i.
19
Suppose 0 = 2*n - 812 + 76. Calculate the greatest common divisor of 23 and n.
23
Let k(h) = 5*h - 130. Let j be k(39). What is the greatest common divisor of 10 and j?
5
Suppose 0 = -2*d - 4*w + 1198, 4*w - 429 = -d + 180. Calculate the highest common divisor of d and 19.
19
Let z = 91 + -82. Suppose -z*r = -222 - 372. Calculate the highest common factor of 6 and r.
6
Suppose -5*v = -n - 4419, -n - 2*n + 1771 = 2*v. Calculate the highest common factor of 52 and v.
52
Let b(y) = y**3 - 30*y**2 - 28*y + 77. Let o be b(31). Calculate the highest common factor of o and 20.
10
Let j(c) = c**3 - 12*c**2 + 36*c - 27. Let f be j(8). Let w(k) = 2*k**2 + 6*k - 6. Let m be w(4). What is the highest common factor of m and f?
5
Suppose -10 = -0*y - 5*y. Suppose -3*j - y*r = 14 - 50, 2*j + 5*r = 13. What is the greatest common divisor of 28 and j?
14
Let p(q) = -q**3 - 7*q**2 - 13*q + 12. Let z be p(-4). Calculate the greatest common divisor of 208 and z.
16
Let o be 1298/4 - (-342)/(-76). What is the highest common factor of o and 10?
10
Let s = 6 + 38. Let z = -24 + s. Calculate the greatest common divisor of z and 8.
4
Suppose 7*d = 34*d - 5859. Calculate the greatest common divisor of 93 and d.
31
Suppose 9*a = 7*a. Suppose t + 3*w - w - 80 = a, -t + 2*w = -68. Calculate the highest common divisor of t and 111.
37
Let z = 31 - -1. Suppose -2 = 2*v, 2*v - 11 = y - z. What is the greatest common divisor of y and 133?
19
Let h(n) = n - 1. Suppose -5*z - 4*a + 32 = -0*a, 0 = 3*z + a - 15. Let p be h(z). Suppose 0 = -p*w - w + 32. What is the greatest common factor of 4 and w?
4
Let s = 78 - -50. What is the highest common divisor of s and 144?
16
Let o = -568 - -818. What is the highest common factor of 50 and o?
50
Suppose -2*c = -4*g - 2, 2*c = -3*c - g + 5. Let k be 2/2 - c*-95. What is the highest common divisor of k and 12?
12
Suppose 0*d = -3*d - 3*s + 24, -3*d + 12 = -3*s. Let p be (2 - -1)/(2/d). Suppose 0*n + 44 - 206 = -18*n. Calculate the highest common divisor of p and n.
9
Let v = 174 + -165. Calculate the greatest common factor of 3 and v.
3
Let r be 4/(-14) - (-1210)/70. Let x = r + 0. What is the highest common factor of 51 and x?
17
Let j = 297 - 289. What is the highest common factor of j and 2?
2
Let n be 1903/77 - 2/(-7). Suppose -l - 5 = -n. Suppose 3*t - d = 29, t - 4*d = d + 33. Calculate the greatest common factor of l and t.
4
Let i = 25 - 24. Suppose i = 4*m - 3*m. Let w be 4/(m*(-12)/(-15)). What is the greatest common divisor of 45 and w?
5
Let l be 8854/699*21/2. Let i(n) = 3*n + 4. Let k be i(5). Calculate the highest common divisor of l and k.
19
Suppose -2 - 6 = -4*k. Let s be k - (-4)/2 - -6. Suppose s = 2*w + x - 37, -49 = -2*w + x. Calculate the greatest common divisor of w and 192.
24
Suppose w + 522 = 3*y + 6*w, y - w = 166. Calculate the greatest common factor of y and 52.
13
Let q(k) = 2*k - 8 + 0*k - 7 + 3. Let f be q(10). Let j be 3 - 3 - (-3 - 1). What is the highest common factor of j and f?
4
Let r(b) = b + 29. Suppose -72 = 14*s - 10*s. Let x be r(s). What is the highest common factor of 11 and x?
11
Let n be 142/6 + 4/(-6). What is the highest common factor of 1495 and n?
23
Suppose -47 = b - 4*p - 108, 29 = b + 4*p. What is the highest common divisor of b and 3015?
45
Suppose 1895 = 36*w - 2389. Calculate the highest common divisor of w and 51.
17
Let f be (-228)/(-84) + (-2)/(-14)*2. Calculate the greatest common factor of 54 and f.
3
Let b be (-1)/((-5)/15 + 64/228). Suppose b = 3*c - 62. What is the highest common divisor of c and 27?
27
Let o be ((-18)/(-7))/((-9)/(-42)). Let h = -12 + o. Suppose h = -s - s + 8. What is the highest common divisor of 4 and s?
4
Suppose c - 6 = -4*q, q - 11 = -2*c + 1. Let j(m) = -m**3 + 2*m - 1. Let w be j(1). Suppose y + 1 - 5 = w. What is the greatest common divisor of c and y?
2
Let f(v) = 82*v - 13. Let b be f(1). What is the greatest common factor of b and 21?
3
Let q = 398 - 246. What is the greatest common divisor of 589 and q?
19
Let s be (-12)/(-2) + -1 - 0. Let d = 84 - 46. Suppose -4*o = s*b - d, 5*b = 5*o - 0*b - 70. What is the greatest common factor of 18 and o?
6
Let g be -2*(-3)/(-12)*0. Suppose 3*j - 5 = -g*j - n, 0 = j + 4*n - 9. Suppose 15 = 2*o - j. Calculate the highest common factor of o and 24.
8
Let x = 22 - 15. Let w = -33 - -48. Suppose -x*y + 2*y = -w. What is the greatest common factor of 1 and y?
1
Let q = 278 + -209. Suppose 2*j - 18 = -0*j. Suppose 72*b - q*b - j = 0. Calculate the highest common divisor of b and 12.
3
Let u = 477 + -333. Calculate the greatest common divisor of 108 and u.
36
Let i(u) = 8*u + 2. Let v be i(-2). Let x be 2208/40 - 24/20. Let j = x + v. Calculate the highest common divisor of 5 and j.
5
Suppose 3*h + 0*v = 5*v, -3*h - 4*v = 0. Suppose -l = -h*l - 1. Let s be l/(-5) + (-604)/(-20). What is the highest common factor of 75 and s?
15
Let f be (-41)/(-4)*(7 - (-13 - -8)). Let x = f - -241. Calculate the greatest common factor of x and 26.
26
Let r = 85 + -38. Let w be r - (2/3)/((-2)/(-3)). What is the greatest common divisor of 69 and w?
23
Let b = -562 + 622. Calculate the highest common factor of 390 and b.
30
Let k(a) = a + 46. Let f be k(-12). Calculate the greatest common divisor of f and 221.
17
Let z = 358 + -240. What is the greatest common divisor of z and 2714?
118
Let n(v) = -7*v - 33. Let o be n(-5). Suppose -o*d - 5*i = -55, 2*i = -3*d - d + 86. Calculate the greatest common divisor of d and 110.
10
Suppose 2*o - 21 = -v, 68 = -2*v - 5*o + 113. Calculate the highest common divisor of 1545 and v.
15
Let j = 18 + -10. Suppose -15 = 4*f + i, 0 = -4*f - f - 2*i - 21. Let z(t) = -t - 1. Let l be z(f). What is the greatest common factor of l and j?
2
Let k(v) = -v**3 + 10*v**2 - 9*v - 7. Let y = 2 + 5. Let f be k(y). What is the highest common divisor of 7 and f?
7
Let p = 12 + -18. Let r be 3/p*(-94 + 0). Let t = r - 23. Calculate the highest common divisor of t and 60.
12
Suppose 8*s = 3*s + 35. Suppose 726 = -s*j + 10*j. What is the highest common factor of 22 and j?
22
Let y(f) = f + 1. Let m(x) = -2*